e -3*n = -5*w + c, -2*w + 3*n + 49 = -w. What is the remainder when 133 is divided by w?
31
Let o = -182 - -64. Let p = o - -165. Calculate the remainder when p is divided by 8.
7
Let g(d) = 5 - 8*d**3 - 13*d**3 + 5*d**2 + 22*d**3. Suppose 4*p + 0 = 12. What is the remainder when g(-5) is divided by p?
2
Let r(g) = 4*g - 1. Let q be r(3). Let o = q - -22. What is the remainder when o is divided by (-200)/(-11) - 34/187?
15
Let r(d) = -d - 3. Let k be r(5). Let h be k - (3 - 1)/(-1). Calculate the remainder when ((-54)/15)/(h/80) is divided by 10.
8
Suppose -w + 23 = 3*v + 2*v, -2*w - 4 = 0. What is the remainder when -1*(-4)/12*(8 - -43) is divided by v?
2
Suppose -s = 3*p - 11, -4*s - 3 = -11. Suppose 0 = p*v + y - 48, 0 = -2*v - v - 2*y + 51. Calculate the remainder when 74 is divided by v.
14
Let k = -156 - -86. Let h = k + 76. Suppose -s = -3*s + 4. What is the remainder when h is divided by s?
0
Suppose 26*z + 772 = 28*z. Suppose 0 = -2*j - 368 + z. What is the remainder when 12 is divided by j?
3
What is the remainder when (-11 - -1) + 134 + 169 is divided by 27?
23
Let g = 26 + 122. Suppose -5*f - 5*q + 135 = 0, 33 = f - 0*f - q. Calculate the remainder when g is divided by f.
28
Suppose -150 = -3*x - 3*t, -17*t = -4*x - 12*t + 164. Calculate the remainder when 171 is divided by x.
33
Suppose 0 = -5*b + 3*h + 1, -2*h + 4 = b - 4. Calculate the remainder when b - -2 - (5 - 26) is divided by 13.
12
Let m be (-4 - -7)/(1 - 2). What is the remainder when 17 is divided by (m + 2)/(((-12)/(-22))/(-6))?
6
Suppose -2 = 7*g - 9*g. Suppose g = -4*m + 5. Suppose 2*p - 27 + m = 0. Calculate the remainder when 51 is divided by p.
12
Let c = -18 - -42. Let a(n) = -2*n + 45. What is the remainder when c is divided by a(19)?
3
Suppose 0 = 15*g - 222 - 18. Calculate the remainder when g is divided by 6.
4
Suppose -x + 0*x = 3*f - 4, -5*f = -x - 12. Suppose 0 = 10*a - 88 - f. What is the remainder when 34 is divided by a?
7
Suppose 0 = -4*m - m + 75. Suppose 0 = 4*d - 5*d + m. Let t(i) = 6*i**2 + i + 1. Calculate the remainder when t(3) is divided by d.
13
Suppose 62 = -4*z + 2*p, -3*p + 59 = -2*z - 2*z. Let r = 23 + z. Suppose d = 3 + 38. What is the remainder when d is divided by r?
5
Suppose 6*i - 225 - 99 = 0. What is the remainder when 266 is divided by i?
50
Let s be 2/7 - 216/(-28). Let y be (-6)/3*(-4)/s. What is the remainder when 24 is divided by (-88)/(-12) + y/(-3)?
3
Let v = -1268 + 1278. What is the remainder when 21 is divided by v?
1
Suppose -n - 3*l = -105, -l - 315 = -3*n + 3*l. Let w(r) = 4*r**2 + 3*r + 2. Let d be w(-4). Let f = 81 - d. Calculate the remainder when n is divided by f.
24
Suppose 0 = u - 5*y - 33 - 25, 62 = u - 4*y. Let j = 2395 + -2386. Calculate the remainder when u is divided by j.
6
Suppose 0 = -3*s + 2*x + 68, -5*x = 4*s - 147 + 18. Calculate the remainder when 485 is divided by s.
17
Let d(h) = -9*h**3 + 4*h**2 + 5*h + 3. Let g(n) = n**2 + n + 1. Let a(t) = -d(t) + 4*g(t). Let v = -5 + 6. What is the remainder when a(v) is divided by 6?
3
Let o = 165 - 56. Suppose -5*c + 26 = -5*r + 206, 0 = -5*r - c + 144. What is the remainder when o is divided by r?
19
Let l(n) = n**3 + 17*n**2 - 2*n - 5. Let u = -73 + 56. Let x(w) = -w**3 + 5*w**2 + 2*w - 2. What is the remainder when l(u) is divided by x(5)?
5
Suppose -12*h - 3*a - 123 = -14*h, 5*h - 2*a = 302. Calculate the remainder when h is divided by 11.
5
Let i(o) = -55*o - 350. Suppose 0 = -2*b + 452 - 108. Calculate the remainder when b is divided by i(-7).
32
Suppose 14*o - 592 - 710 = 0. What is the remainder when o is divided by 8?
5
Let b(g) = -g**2 - 10*g + 4. Suppose 0 = -2*p - 3 - 17. Let r be b(p). Suppose 20 = 2*v - r*s, -v - s + 2 = 1. What is the remainder when 6 is divided by v?
2
Let c(m) = m**3 + 15*m**2 - 18*m - 27. What is the remainder when 19 is divided by c(-16)?
4
Let p = -138 - -144. What is the remainder when 148 is divided by p?
4
Suppose -5*b - 20 = -3*b + 4*z, 0 = -b - 5*z - 25. Let i be (-2)/6*b + -1. What is the remainder when 30 is divided by (-16)/(-1)*i/(-2)?
6
Let d = -11 - -37. Suppose -63 + 14 = -7*t. What is the remainder when d is divided by t?
5
Suppose 7*y + 260 = -4*x + 3*y, 175 = -3*x + y. Let n = x + 139. What is the remainder when n is divided by 27?
25
What is the remainder when (-1 + -4)*((-96)/10 + -7) is divided by (-6)/9 - (-106)/6?
15
Let c(u) = u + 11. Suppose 0 = s + 12 - 5. Let w be c(s). Calculate the remainder when (-4 + w + -31)/(-1) is divided by 17.
14
Suppose -1919 = -8*z + 865. Calculate the remainder when z is divided by 35.
33
Let k(m) = -25*m + 1. Let g be k(-5). Let w = 25 + -17. Suppose -6*r + w*r = g. What is the remainder when r is divided by 32?
31
Suppose -2*a - 95 = -7*a. Calculate the remainder when 53 is divided by a.
15
Suppose -3*f - 4*b + 101 = b, -b = 5. What is the remainder when 209 is divided by f?
41
Suppose -2*c = 6*x - 4*x - 36, -2*x = 5*c - 39. Calculate the remainder when 134 is divided by x.
15
Suppose 494*r - 490*r - 260 = 0. What is the remainder when r is divided by 6?
5
Let g(v) = 2*v**2 - 41*v - 18. Let j be g(21). Suppose 3*f + j*p = 204, 76 = f - 0*f + 3*p. Calculate the remainder when f is divided by 11.
9
Let n = 652 - 430. Calculate the remainder when n is divided by 38.
32
Suppose 0 = 8*t - 7*t. Suppose t = -m - 4*m + 50. Suppose 0*o + 5*o = 90. Calculate the remainder when o is divided by m.
8
Let p = 8 + -2. Suppose g - 2*n = p*g - 197, 143 = 3*g - 5*n. What is the remainder when g is divided by 11?
8
Let m(k) = -2*k + 6. Let j(n) = -n + 3. Let x(t) = 7*j(t) - 3*m(t). Let w be x(3). Suppose 3*z - 27 - 21 = w. Calculate the remainder when 46 is divided by z.
14
Let r(u) = -61*u - 178. Calculate the remainder when 18 - (0/2 + 1) is divided by r(-3).
2
Suppose -4*b + 48 = -2*l, -2*b + l + 24 = 3*l. Let h = 246 + -224. What is the remainder when h is divided by b?
10
Suppose 0 = 12*l - 6*l - 132. Calculate the remainder when 809 is divided by l.
17
Let m = -539 - 460. Calculate the remainder when 99 is divided by 4/6 - m/81.
8
Suppose 3*o + 2*o = -35. What is the remainder when (-206)/o - (-42)/(-98) is divided by 14*1 - (2 - 4)?
13
Let i(o) = 7*o - 3. Let d be i(1). Suppose 2*b - 10 = -2*z, -d - 6 = -3*b - 4*z. What is the remainder when b is divided by 4?
2
Let j(i) = -11*i**3 - 2*i**2 - 2. Suppose -3*p - 3*h = -33, 5*h = -3*p + 12 + 11. Calculate the remainder when j(-2) is divided by p.
14
Suppose 69 + 43 = 4*g. Let a = g - 18. Calculate the remainder when 29 is divided by a.
9
Let i(c) = c + 15. Let j = 118 - 113. What is the remainder when j is divided by i(-11)?
1
Let d(p) = -p**3 - 5*p**2 + 14*p + 55. Calculate the remainder when 15 is divided by d(-6).
1
Let c(k) be the first derivative of -k**4/4 - 2*k**3/3 - k**2/2 - 3. Let g be c(-1). Suppose g = -t + 11 + 2. Calculate the remainder when t is divided by 7.
6
Let z be (-10)/15*-3*4. Calculate the remainder when ((-170)/(-6))/(z/24) is divided by 29.
27
Let h = -42 + 49. Suppose -4*c = 4*m - 36, 3*c - 28 = 5*m + h. What is the remainder when 15 is divided by c?
5
What is the remainder when 113 is divided by ((-60)/78)/(-5) + 564/52?
3
Suppose 0 = -4*r - 3*j + 55, -3*r + 41 - 1 = 2*j. Suppose 3*l - 5*l = -r. Let q = l - -1. What is the remainder when 16 is divided by q?
4
Suppose 2*j + 4*q = 200, q - 4*q = 5*j - 500. Let p be 1/(3 - 32/12). Suppose p*k + 2*k = 170. What is the remainder when j is divided by k?
32
Let y(m) = m**2 - m + 83. Suppose 0 = -2*o + 6 + 28. Let a = 38 - o. Calculate the remainder when y(0) is divided by a.
20
Let l = -340 - -357. Calculate the remainder when l is divided by 17.
0
Let d be (-240)/(-36)*(-78)/(-5). Let z = 175 - d. Calculate the remainder when z is divided by 24.
23
Let b be 2/2*(0 - -2). Suppose 26 = -7*i + 3*i + b*j, -4*j - 65 = 5*i. Let u(f) = f**2 + 10*f + 13. What is the remainder when 6 is divided by u(i)?
2
Suppose 0 = 7*a - 4030 + 3757. What is the remainder when 120 is divided by a?
3
Let k be 33/1*(-3 - 80/(-30)). Let x(h) = h**2 + 3*h + 2*h + 3*h. Calculate the remainder when 96 is divided by x(k).
30
Let o(s) = s**3 - 7*s**2 + 7*s - 3. Suppose 5*j + 2*x = -3 + 36, 30 = 5*j + 5*x. What is the remainder when o(j) is divided by 24?
22
Let b(w) = w**3 - 15*w**2 - 15*w